Let h be (-52)/2 - (0 - 0). Let a = i - h. What is the units digit of a?
7
Let r be (-18)/(-90) + -1 + (-208)/(-10). Let i(c) = -c - 4. Let n be i(-4). Suppose n = -4*j - j + r. What is the units digit of j?
4
Let b(v) = 2085*v - 2981. What is the tens digit of b(26)?
2
Let s(m) = -134*m - 108. Let r(c) = c**3 + 16*c**2 + 2*c + 28. Let o be r(-16). What is the tens digit of s(o)?
2
Suppose -19*y + 137 = 42. Suppose 23*k - 3276 = y*k. What is the tens digit of k?
8
Let r(c) = -17*c**2 + 547*c + 34. What is the tens digit of r(30)?
4
Let t(o) = 21*o + 6. Let u(d) = d. Let i(g) = -t(g) + 15*u(g). Let l be i(-2). What is the units digit of l/9*1062/12?
9
What is the units digit of 54536/(-40)*-6 - ((-18)/30 + 1)?
0
Suppose -5*c + 4*x + 65457 = 0, -3*x = 4*c - 0*x - 52378. What is the tens digit of c?
9
Let r(d) = 14*d**2 - 956*d + 153. What is the units digit of r(96)?
1
Suppose 5*o - 25381 = -26*h + 22*h, -20348 = -4*o + 4*h. What is the thousands digit of o?
5
Let c be (-5)/(120/(-18)) - 65/(-4). Let n(u) = -u**3 + 18*u**2 - 8*u. What is the hundreds digit of n(c)?
1
Let w(k) = k**2 - 11*k - 42. Let n be w(14). Suppose n = 13*p - 23*p + 4440. What is the tens digit of p?
4
Let b = 17 + 18. Suppose -20 = -39*r + b*r. Suppose -6*h = -3*f - h + 506, 4*f = r*h + 673. What is the tens digit of f?
6
Let m(c) = 14*c - 205. Let z be m(15). Suppose -4*s - g = -3343, -4*s + z*g - 4*g + 3353 = 0. What is the hundreds digit of s?
8
What is the units digit of (5180 - 0)/((-40)/120 - 5/(-6))?
0
Let b = 4154 + -654. What is the hundreds digit of b?
5
Suppose -182*r = 2*y - 181*r - 3013, 5*y - 2*r = 7537. What is the units digit of y?
7
Let t(w) = 6897*w**2 + 9*w - 6. What is the units digit of t(-1)?
2
Let w(v) = -142*v**3 + 2*v**2 - 3*v + 2. Let n be w(1). Let c = -138 - n. Suppose 752 = c*l - 2*h, l + h + h = 248. What is the units digit of l?
0
Suppose -3*i + 22 = 16. Suppose -12*g + 7688 = 5*d - 9*g, i*g = -d + 1532. What is the tens digit of d?
4
Suppose -2*b = g + g - 114, 0 = -b + 3*g + 49. Suppose -b = 5*a - o - 295, -5*o = 2*a - 96. What is the tens digit of a?
4
Suppose -4*a - 2*f = -3*f + 109568, -5*a - 5*f = 136985. What is the hundreds digit of a/(-27) + (-44)/(-99)?
0
Let s(k) = -2*k**3 - 14*k**2 - 11*k - 18. Let h be s(-9). Suppose -3*d + h + 111 = 0. Suppose 8*f + d = 10*f. What is the units digit of f?
6
Let c be (6/2)/(-3) - 9. Let d(p) = -2*p + 3. Let k be d(7). What is the units digit of c/55 - 992/k?
0
Let y(g) = g**3 - 10*g**2 + 3*g + 11. Let o be y(8). Let a = 95 + o. Suppose 0 = -a*n - 4, 387 - 23 = 3*x - 5*n. What is the hundreds digit of x?
1
What is the thousands digit of 1294*(-16 - 17/(-1))?
1
Let t be ((-1932)/(-1288))/(1*(-1)/16). Suppose 109 = 5*j + 14. Let r = j - t. What is the units digit of r?
3
Let x(b) be the first derivative of 203*b**2 + 13*b + 104. What is the tens digit of x(2)?
2
Let f(j) = -7*j**3 + 4*j**2 + 35*j + 78. What is the ten thousands digit of f(-22)?
7
Suppose -s + 4*b - 40 - 23 = 0, 2*b = 2*s + 156. Let l = 81 + s. Let q(a) = -20*a**3 - 5*a**2 - 4*a. What is the units digit of q(l)?
8
Let l(g) = -90 - 33*g + 72*g**2 + 77*g**2 - 150*g**2. What is the units digit of l(-26)?
2
Let j be 90/(7 - (-222)/(-30)). Let y = j + 1439. What is the tens digit of y?
1
Suppose 3*o + 2*s = 33485, -14200 = -o - 2*s - 3033. What is the ten thousands digit of o?
1
Let n = -413 - -363. What is the units digit of 1 - (-236)/(-8)*n?
6
Let y(p) = p**2 - 4*p + 8. Let d be y(0). Suppose 7617 = d*o - 1615. What is the hundreds digit of o?
1
Let k = 609 + -145. Suppose 165*x - k = 163*x. What is the hundreds digit of x?
2
Suppose -3*d = -42 + 36. Suppose d*k = -3 + 13. What is the tens digit of (-15)/(-10 + k) - -78?
8
Let d(w) = -w**3 - 5*w**2 - 6*w - 7. Let j = 21 - 31. Let g be d(j). Suppose 0*r - 7*r = -g. What is the units digit of r?
9
Let r(o) = 3*o**2 - 11*o + 9. Let c = 15 - 32. Let n = c + 21. What is the units digit of r(n)?
3
Let d be 2*((-2)/4 - (-525)/50). What is the hundreds digit of 105/d*64/3?
1
Let i(o) = o**3 + 18*o**2 - 21*o - 11. Let y be i(-19). What is the tens digit of (y*5 - -1)*(15 - 14)?
3
Suppose 0 = 62*u + 141*u - 119973. What is the tens digit of u?
9
Let o(x) = -x**2 + 6*x + 25. Let l be o(-4). Let i = 587 - l. What is the units digit of i?
2
Let y(w) = -w**2 - 19*w - 13. Let v = -34 - -42. Suppose -p - 10 - v = 0. What is the units digit of y(p)?
5
Let x = 723 + -724. Let g(f) = -768*f**3 - 3*f**2 + 10*f + 12. What is the hundreds digit of g(x)?
7
Let j = 2140 - -1085. What is the thousands digit of j?
3
Suppose 280*v - 277*v - 54 = 0. Suppose -v*l + 3258 + 252 = 0. What is the tens digit of l?
9
Suppose 3*d + 0*n + 4 = -n, n - 8 = 3*d. Let y(b) = b**3 + 3*b**2 + 4*b + 5. Let o be y(d). What is the hundreds digit of (2 + 105 - -1)/o?
1
Let m = -531 - -402. Suppose 0 = 5*o - 2*o. What is the tens digit of (3 - 6 - m) + 3 + o?
2
Let h = 71309 + -36919. What is the hundreds digit of h?
3
Let b(c) = 19*c**3 + 18*c**2 - 283*c + 17. What is the thousands digit of b(8)?
8
Suppose -130496 = -227*q + 215*q + 93028. What is the tens digit of q?
2
Suppose -7986 - 57134 = -3*b + 3133. What is the tens digit of b?
5
Suppose 0*v + 4*v - 3*w - 21 = 0, 0 = -2*v - w + 13. Let d be (10/(-4) - (-3)/v) + 16. Let n(m) = 3*m + 26. What is the units digit of n(d)?
8
Suppose -11*n + 227712 = 85*n. What is the hundreds digit of n?
3
Let o = -510 - -1138. Suppose 0 = -2*h - 4, 0 = -3*s + 5*h + 3810 + o. What is the tens digit of s?
7
Let n be (-60)/6 + (-12)/3. Let u be (413/n)/(-1 - (-9)/10). Suppose -4*k - u + 851 = 0. What is the units digit of k?
9
Suppose -181 = -12*m + 455. Suppose -121 = -3*p + m. What is the tens digit of p*(0 + 1/1 - -1)?
1
What is the hundreds digit of 9/(-24) - (11 + 495735/(-40))?
3
Let n = -4725 - -8372. What is the hundreds digit of n?
6
Suppose -48*h + 5*n = -50*h + 10900, -10908 = -2*h - n. What is the units digit of h?
5
Let v be -15*85/102*(-2)/5. What is the units digit of (-23)/(7/(-2485)*v)?
3
Let i = -193 - -193. Suppose 3*b - 2*q + 93 - 216 = i, 212 = 5*b - q. What is the tens digit of b?
4
Let n be 6 + -5 + -2 + 2. Let a be (0 - 3) + n - 7. Let d = a - -58. What is the units digit of d?
9
Suppose 6*d - 5*d = -7. Let b be (12/7 - 2)*d. Let w = b + 15. What is the tens digit of w?
1
Let t(b) = 8*b**2 + 2*b - 70. Let p be t(-8). Let s = p - 60. What is the units digit of s?
6
Let h = 15405 + -12532. What is the units digit of h?
3
Suppose -240*p + 247*p - 42 = 0. Suppose 2*q = a - 923, -5*q = -8*a + p*a + 1849. What is the hundreds digit of a?
9
Let m(r) be the third derivative of r**5/60 - r**4/8 + 41*r**3/6 + 2*r**2 + 52. What is the units digit of m(21)?
9
Suppose 137838 = 5*r - 3*u, -100*r + 105*r + 4*u = 137831. What is the tens digit of r?
6
Suppose -2*m = 30*x - 26*x - 31042, 0 = -3*m - 3*x + 46545. What is the hundreds digit of m?
5
Suppose -2*u = 2, 2*b = 7*b - 5*u - 69085. What is the units digit of b?
6
Let b = -26 - -25. Let p(a) = -6*a**3 + a**2 + 2*a + 1. Let z be p(b). What is the units digit of (-2 - -25)/(7 - z)?
3
What is the units digit of 444596/26 + 344/2236?
0
Suppose 5*q - 11*q + 28782 = 0. Suppose 2*g + q = 11*g. What is the tens digit of g?
3
Suppose 40 = 15*l - 7*l. Suppose -l*q + 664 = 2*m - 1092, -3*q + 3526 = 4*m. What is the units digit of m?
3
Suppose 0 = -4*t, -37 = 3*l - 3*t - 1. What is the hundreds digit of (-1114 + -5)*4/l?
3
Let j = -43 - 0. Let v = j - -71. Suppose 41 = 3*h - v. What is the tens digit of h?
2
What is the ten thousands digit of (7 + 25203)*-12*(-8)/80?
3
Let x = 165 + -163. Suppose -3*o - a = -1618, x*o = -5*a + 4*a + 1077. What is the hundreds digit of o?
5
Let j be 10/2 + -10 + (6 - 5). What is the units digit of j/30 - (51993/(-135) - 11)?
6
What is the ten thousands digit of 10305*14/6 + -11?
2
Let l(w) = w**2 - 14*w - 16. Let m be l(15). Let q(o) = -260*o + 3. What is the units digit of q(m)?
3
Let w = -13584 + 21927. What is the units digit of w?
3
Let z(l) = -26*l + 119. Let b be z(7). What is the tens digit of b/9 - (-685)/5?
3
Suppose 21*v - 18*v - 15 = 0. Suppose d - 2852 + 738 = -5*p, -2*p + 851 = -v*d. What is the units digit of p?
3
Let r = -41360 + 63248. What is the units digit of r?
8
Let c = -538 - -540. What is t